*t + 10 = -2. Is t/(-14) + 999/7 a prime number?
False
Let t = -2705 - -1019. Let b = -1105 - t. Is b prime?
False
Is (3 - -6212 - -4)*1/3 composite?
True
Let z(h) = 6*h**3 + 2*h**2 + 2*h + 1. Let s be z(-1). Let m = 9 + s. Suppose m*r + 20 = 2*l, 5*l - 2*r = -r + 23. Is l composite?
True
Let n(z) be the first derivative of z**2/2 - 7*z + 4. Let x be n(7). Suppose -j + x*j + 43 = 0. Is j a composite number?
False
Suppose -2*c - 2*c = 0. Suppose -4*g = -4*t - 16 + 3024, -5*t - 3*g + 3736 = c. Is t prime?
False
Suppose -3*l - 2*l - 15 = -3*b, -5*l = -b + 15. Let p(o) = 3*o + 3*o + 47 + 6 - 7*o. Is p(b) a prime number?
True
Let i = -3 + 4. Let d(f) = -7*f + 6. Let h(r) = -r - 1. Let c(p) = i*d(p) + h(p). Is c(-4) a composite number?
False
Let w be 1/(-2) + (-1165)/10. Let b = w - -237. Suppose 4*v + l = b, 2*v + 0*l = -l + 58. Is v prime?
True
Let x(t) = -1063*t - 2. Is x(-1) a composite number?
False
Is (-2)/(-13) - (-15309)/117 a composite number?
False
Suppose 2*p = 7*p - 15. Suppose -p*v - 14 = -4*v. Is v a prime number?
False
Suppose 2*o - 5 = -r, 29 = 4*r - 0*o - o. Suppose j - 89 = -2*u, r*j + 4*u - 433 = 2*j. Is j a composite number?
True
Let f(y) = y**2 + 13*y + 13. Is f(-22) a composite number?
False
Let p(d) = -d**2 + 3. Let i be p(0). Is (9/(-6))/(i/(-74)) composite?
False
Let v be 2/(-4) - (-143)/26. Suppose 7*q = v*q + 254. Is q composite?
False
Let k = 1673 - 380. Is k prime?
False
Let d = -250 + 353. Is d prime?
True
Is (-7)/(14/8) - -3567 composite?
True
Let k = -32 - -23. Let u(r) = r**3 + 10*r**2 - 3*r + 13. Is u(k) a composite number?
True
Let y(m) = -m**3 - 3*m**2 + 6*m - 2. Let i be y(-5). Suppose 0 = -3*z + 51 + i. Is z a composite number?
False
Is -3 - (-48*6 + -4) a composite number?
True
Let g(r) = r**2 + 14*r + 10. Let d be g(-14). Suppose 4*p + p = d. Suppose -5*m - z + p + 98 = 0, -3*m = -4*z - 37. Is m composite?
False
Let t = -4 - -3. Is (-570)/(-4) - t/2 a prime number?
False
Is (-2743)/39*(-4 + 1) a prime number?
True
Let p = -106 - -158. Suppose -g - 39 = -3*j, 0 = -j + 5*j - 3*g - p. Let o = j + -3. Is o composite?
True
Is (-2)/21 - 185163/(-63) prime?
True
Let s = 6 - 1. Suppose 4*l = -18 + 78. Suppose -s + l = g. Is g prime?
False
Let t(c) = 10*c**2 - 14*c - 1. Let n be t(-7). Suppose -3*b = -5*x - 1761, b - x - x - n = 0. Is b a composite number?
False
Let i be (3 - 17)/(-2)*-1. Let j = -163 - -91. Let l = i - j. Is l a composite number?
True
Let t(c) = -2*c**3 + c**2. Let b be t(-1). Suppose -2*x - b*x - 5 = 0. Is (8 + x)*(-12)/(-4) prime?
False
Let r(a) be the first derivative of 10*a - 1 - 1/2*a**2 + 7/3*a**3 - 1/4*a**4. Is r(7) a composite number?
False
Is (-3)/(27/(-6)) - 7118/(-6) a prime number?
True
Let o be (25 + 3 + 3)*-1. Let n = 69 + o. Is n prime?
False
Let c(z) = z**2 + 12*z + 3. Let i be c(-12). Is (9/i + -4)*-26 a composite number?
True
Suppose -2*x = t - 518, x + 4*t - 314 = -41. Is x prime?
True
Let z(w) = w**2 - 15*w. Let l be z(16). Is 89*4/(l/28) composite?
True
Let l(o) = 9 - 53*o - 9. Is l(-1) prime?
True
Suppose 0*j + 4 = 2*j, -5*h + 4*j + 7 = 0. Suppose -177 = 2*z - h*z. Suppose 6*q - 9 = 3*q, 5*c + 4*q - z = 0. Is c prime?
False
Let g(z) = 10*z - 1. Let t = -4 + 6. Is g(t) composite?
False
Is ((-12)/24)/((-1)/11406) prime?
False
Suppose 2*l = 7*l - 10. Suppose 0 = -4*w + l*p + 274, p - 326 = -5*w - 2*p. Is w prime?
True
Let s be ((-84)/(-49))/((-4)/(-70)). Let a = -1 - -1. Suppose -3*o = -a*o - s. Is o composite?
True
Let d(i) = i - 4. Let w be d(5). Is ((-33)/(-3))/(w/5) a composite number?
True
Suppose 130 = 2*v - 8. Is v a prime number?
False
Suppose 0 = -l + 4*l - 6. Suppose 135 = 2*w - 49. Suppose -l*b = 2*b - w. Is b a composite number?
False
Let f(c) = 29*c**3 + c**2. Suppose 2*j - 4*j - 2 = -4*r, 2*r + 8 = 4*j. Let w be f(r). Suppose -3*q - 5*k = -0*k - w, 3*q + 3*k - 246 = 0. Is q prime?
False
Let o(i) be the second derivative of 5*i**4/2 + i**3/3 - i**2/2 - 2*i. Is o(1) prime?
True
Suppose 0 = -15*b + 18*b - 879. Is b a composite number?
False
Suppose 5*v - 12 = 8. Let z(x) = 5*x**2 + x - 5. Let h(o) = -5*o**2 - o + 5. Let c(m) = -6*h(m) - 5*z(m). Is c(v) a prime number?
True
Let p(x) = -x**2 + 10*x - 7. Let c be (0 + -2)*(-14)/4. Let m be p(c). Suppose 0 = 5*w - m - 6. Is w a composite number?
True
Is ((-5)/(-10))/(2/1524) a prime number?
False
Let z(n) be the first derivative of n**3/3 - 9*n + 3. Is z(8) composite?
True
Suppose -5*r + 43 = q - 14, 0 = -2*r + q + 27. Suppose 5*o - r = -37. Let p = 9 + o. Is p a composite number?
True
Is 2543 + ((0 - -7) + -1 - 4) composite?
True
Suppose 3*k = b + 1233, b - 415 = -k - 0*k. Let v be 0 + 1 - (1 + -2). Suppose -2*z + w - v*w = -k, -3*z + 613 = -w. Is z a prime number?
False
Suppose -19 = -3*y + 5*p + 16, -2*p = y + 3. Suppose 3*g - 6 - 26 = l, g + y*l = 0. Is g a composite number?
True
Let x(f) = f**3 + 16*f**2 + 7*f. Let m be x(-15). Suppose 3*z = v + 76, 3*v + 239 = -4*z - 28. Let g = v + m. Is g a prime number?
False
Let s be 0/(8/2) + 2. Is (-1020)/(-6)*s/4 composite?
True
Suppose i + 21 = d - 4*i, -4*d = -i - 27. Let a(g) = -g**2 + 11*g - 15. Is a(d) composite?
True
Let z(j) = 179*j**3 + 2*j**2 - 2*j + 1. Let i be z(1). Let s be (20 + 1)*i/7. Let v = -377 + s. Is v composite?
False
Suppose 0 = 3*i - 128 - 157. Suppose 5*k = -0*k + i. Is k prime?
True
Let f(m) = 19*m**3 - 4*m**2 + m + 5. Is f(3) a composite number?
True
Let b = 267 - 182. Is b composite?
True
Let h(c) = 4*c - 1. Let q be h(2). Let v = 10 - q. Suppose 2*j - 1015 = -v*j. Is j a prime number?
False
Let n(d) = -d**3 + 13*d**2 + 12*d - 13. Let h(l) = l**3 - 5*l**2 - 5*l + 3. Let f be h(6). Is n(f) a prime number?
True
Let l(b) = -b**2 - b - 1. Let m(n) = -2*n**3 + 6*n**2 + 8*n + 9. Let k(t) = 4*l(t) + m(t). Is k(-4) a prime number?
True
Let o = 11531 + -7266. Is o a composite number?
True
Suppose -5*g - z = -176, -33 - 32 = -2*g + 5*z. Is g a composite number?
True
Let k(z) = z - 5*z + 5*z - 1. Let q be k(1). Is 6/(-6)*(-53 - q) a composite number?
False
Let w(c) = 467*c**2 - 2*c + 1. Is w(2) composite?
True
Suppose 885 = 5*j - 5*g, j + 0*j + g = 181. Is j composite?
False
Suppose 0 = 3*q + 1 - 4. Is 444/(-8)*(q + -3) a composite number?
True
Let r = 354 - 58. Suppose 5*y + a + 2*a = 353, 4*y - a - r = 0. Suppose -m + y = -6. Is m a prime number?
True
Is (4 - 6)/((-4)/2382) a prime number?
False
Let a be ((-6)/5)/(9/(-120)). Suppose a*t = 11*t + 55. Is t a composite number?
False
Suppose -3*i + 1108 = i + 4*q, 1108 = 4*i + 3*q. Is i prime?
True
Suppose 57 = 4*s - 111. Is 8547/s + 1/(-2) a composite number?
True
Let a be ((-3)/2)/(1/(-2)). Suppose 0 = -a*f - 0*f + 417. Is f a composite number?
False
Suppose 0 = 3*m - 92 - 190. Is m a prime number?
False
Let n = 5191 + -3630. Is n a prime number?
False
Suppose -63 - 146 = -p. Is p a prime number?
False
Suppose 9549 = 2*n + 7*n. Is n a composite number?
False
Let n = 0 + -197. Is (-5)/(-30) - n/6 a prime number?
False
Suppose 0*t - 419 = -2*t + s, 0 = -2*t + 2*s + 416. Is t a prime number?
True
Let y = -233 - -382. Is y prime?
True
Is -3*5/(-15) + 1002 a prime number?
False
Suppose -6*s + 137 = 23. Is s composite?
False
Is 2394/22 - (-4)/22 a composite number?
False
Let y = -2 - -5. Suppose 11 = 3*j - 4. Suppose y*k - 1030 = -0*x - j*x, 4*k + 386 = 2*x. Is x prime?
False
Suppose -l + 3*q = -0*l - 16, -2*l + 2*q = -16. Suppose -l*f + 2*f + 174 = 0. Suppose n - 5*c = 63, -c + f + 22 = 3*n. Is n composite?
True
Let f be 5*(8/10)/2. Suppose 4*t = f*t + 20. Is t a composite number?
True
Suppose v = -2*y + 4034, -3*y + 4*y - 2017 = 5*v. Is y a prime number?
True
Let p = -256 + 374. Is p a prime number?
False
Let o(a) = a**2 - 5. Let n be o(-5). Let j be (-2)/3 - (-2387)/3. Is ((-12)/n)/((-3)/j) a composite number?
True
Let m be (-15)/2*6/(-9). Suppose 40 = t - m. Let q = 158 - t. Is q composite?
False
Suppose 2*s = 176 + 42. Let p = 215 - s. Suppose r + r = p. Is r a prime number?
True
Let p(j) = -j**3 - 8*j**2 + j - 2. Let o be p(-8). Let t = 247 - o. Is t a composite number?
False
Let q be (-6)/8 - 10/8. Let d(k) = -24*k - 1. Is d(q) a composite number?
False
Suppose 0*f + 4*f + g = 4459, 0 = -2*f + 5*g + 2235. Is f prime?
False
Let v(b) = b**3 + 4*b**2 - 2*b + 3. Let g be v(-5). Let t be (-52 + 0)*9/g. Suppose -